{"id":1610,"date":"2023-07-13T08:28:03","date_gmt":"2023-07-13T13:28:03","guid":{"rendered":"https:\/\/insepet.com?post_type=product&#038;p=1610"},"modified":"2024-01-24T12:03:34","modified_gmt":"2024-01-24T17:03:34","slug":"totalizador-electromecanico-para-encore-500s-gilbarco","status":"publish","type":"product","link":"https:\/\/insepet.com\/index.php\/producto\/totalizador-electromecanico-para-encore-500s-gilbarco\/","title":{"rendered":"Totalizador Electromec\u00e1nico para Encore 500S Gilbarco"},"content":{"rendered":"","protected":false},"excerpt":{"rendered":"<p>El Totalizador Electromec\u00e1nico para Encore 500S de Gilbarco es un dispositivo que se utiliza para medir y registrar el volumen de combustible que se dispensa en una estaci\u00f3n de servicio. Se trata de un instrumento mec\u00e1nico que cuenta con una serie de engranajes que se activan por el flujo de combustible a trav\u00e9s del dispensador. Estos engranajes a su vez activan una serie de diales que indican la cantidad de combustible dispensado en galones o litros. La precisi\u00f3n de la medici\u00f3n es muy alta, y el totalizador electromec\u00e1nico es una herramienta esencial en cualquier estaci\u00f3n de servicio para llevar un control preciso de la cantidad de combustible que se vende.<\/p>\n","protected":false},"featured_media":1611,"template":"","meta":[],"product_cat":[31],"product_tag":[],"class_list":{"0":"post-1610","1":"product","2":"type-product","3":"status-publish","4":"has-post-thumbnail","6":"product_cat-electronica-para-dispensadores","8":"first","9":"instock","10":"taxable","11":"shipping-taxable","12":"purchasable","13":"product-type-simple"},"jetpack_sharing_enabled":true,"_links":{"self":[{"href":"https:\/\/insepet.com\/index.php\/wp-json\/wp\/v2\/product\/1610","targetHints":{"allow":["GET"]}}],"collection":[{"href":"https:\/\/insepet.com\/index.php\/wp-json\/wp\/v2\/product"}],"about":[{"href":"https:\/\/insepet.com\/index.php\/wp-json\/wp\/v2\/types\/product"}],"wp:featuredmedia":[{"embeddable":true,"href":"https:\/\/insepet.com\/index.php\/wp-json\/wp\/v2\/media\/1611"}],"wp:attachment":[{"href":"https:\/\/insepet.com\/index.php\/wp-json\/wp\/v2\/media?parent=1610"}],"wp:term":[{"taxonomy":"product_cat","embeddable":true,"href":"https:\/\/insepet.com\/index.php\/wp-json\/wp\/v2\/product_cat?post=1610"},{"taxonomy":"product_tag","embeddable":true,"href":"https:\/\/insepet.com\/index.php\/wp-json\/wp\/v2\/product_tag?post=1610"}],"curies":[{"name":"wp","href":"https:\/\/api.w.org\/{rel}","templated":true}]}}