{"id":1371,"date":"2023-07-12T07:46:08","date_gmt":"2023-07-12T12:46:08","guid":{"rendered":"https:\/\/insepet.com?post_type=product&#038;p=1371"},"modified":"2024-01-24T10:10:02","modified_gmt":"2024-01-24T15:10:02","slug":"tarjeta-de-relevos-encore-500sd","status":"publish","type":"product","link":"https:\/\/insepet.com\/index.php\/producto\/tarjeta-de-relevos-encore-500sd\/","title":{"rendered":"Tarjeta de Relevos Encore 500SD"},"content":{"rendered":"","protected":false},"excerpt":{"rendered":"<p>La tarjeta de rel\u00e9s para Encore 500SD es un componente importante en el sistema de control de la bomba de dispensaci\u00f3n de combustible. Esta tarjeta permite que los rel\u00e9s activen o desactiven componentes importantes del sistema, como el dispensador, la pantalla y el lector de tarjetas. Adem\u00e1s, esta tarjeta tambi\u00e9n puede monitorear las entradas y salidas para asegurar que todos los componentes est\u00e9n funcionando correctamente y comunicar cualquier problema al controlador principal del sistema. En resumen, la tarjeta de rel\u00e9s es crucial para el correcto funcionamiento del sistema de dispensaci\u00f3n de combustible y su monitoreo.<\/p>\n","protected":false},"featured_media":1372,"template":"","meta":[],"product_cat":[31],"product_tag":[],"class_list":{"0":"post-1371","1":"product","2":"type-product","3":"status-publish","4":"has-post-thumbnail","6":"product_cat-electronica-para-dispensadores","8":"first","9":"instock","10":"taxable","11":"shipping-taxable","12":"purchasable","13":"product-type-simple"},"jetpack_sharing_enabled":true,"_links":{"self":[{"href":"https:\/\/insepet.com\/index.php\/wp-json\/wp\/v2\/product\/1371","targetHints":{"allow":["GET"]}}],"collection":[{"href":"https:\/\/insepet.com\/index.php\/wp-json\/wp\/v2\/product"}],"about":[{"href":"https:\/\/insepet.com\/index.php\/wp-json\/wp\/v2\/types\/product"}],"wp:featuredmedia":[{"embeddable":true,"href":"https:\/\/insepet.com\/index.php\/wp-json\/wp\/v2\/media\/1372"}],"wp:attachment":[{"href":"https:\/\/insepet.com\/index.php\/wp-json\/wp\/v2\/media?parent=1371"}],"wp:term":[{"taxonomy":"product_cat","embeddable":true,"href":"https:\/\/insepet.com\/index.php\/wp-json\/wp\/v2\/product_cat?post=1371"},{"taxonomy":"product_tag","embeddable":true,"href":"https:\/\/insepet.com\/index.php\/wp-json\/wp\/v2\/product_tag?post=1371"}],"curies":[{"name":"wp","href":"https:\/\/api.w.org\/{rel}","templated":true}]}}