{"id":685,"date":"2023-06-19T14:54:13","date_gmt":"2023-06-19T19:54:13","guid":{"rendered":"https:\/\/insepet.com?page_id=685"},"modified":"2024-10-11T16:24:09","modified_gmt":"2024-10-11T21:24:09","slug":"aforo-volumetrico","status":"publish","type":"page","link":"https:\/\/insepet.com\/index.php\/servicios\/aforo-volumetrico\/","title":{"rendered":"Aforo Volum\u00e9trico"},"content":{"rendered":"\t\t<div data-elementor-type=\"wp-page\" data-elementor-id=\"685\" class=\"elementor elementor-685\">\n\t\t\t\t\t\t<section data-particle_enable=\"false\" data-particle-mobile-disabled=\"false\" class=\"elementor-section elementor-top-section elementor-element elementor-element-ba094f9 elementor-section-content-middle elementor-reverse-tablet elementor-reverse-mobile elementor-section-boxed elementor-section-height-default elementor-section-height-default\" data-id=\"ba094f9\" data-element_type=\"section\" data-settings=\"{&quot;_ha_eqh_enable&quot;:false}\">\n\t\t\t\t\t\t<div class=\"elementor-container elementor-column-gap-no\">\n\t\t\t\t\t<div class=\"aux-parallax-section elementor-column elementor-col-50 elementor-top-column elementor-element elementor-element-93bb801\" data-id=\"93bb801\" data-element_type=\"column\">\n\t\t\t<div class=\"elementor-widget-wrap elementor-element-populated\">\n\t\t\t\t\t\t<div class=\"elementor-element elementor-element-9ec0ad6 aux-appear-watch-animation aux-fade-in-left-1 elementor-widget elementor-widget-aux_image\" data-id=\"9ec0ad6\" data-element_type=\"widget\" data-widget_type=\"aux_image.default\">\n\t\t\t\t<div class=\"elementor-widget-container\">\n\t\t\t<section class=\"widget-container aux-widget-image aux-alignnone aux-parent-audd3fa4c5\">\n    <div class=\"aux-media-hint-frame \">\n        <div class=\"aux-media-image \" >\n        \n            \n\n            \n            <img fetchpriority=\"high\" decoding=\"async\" width=\"500\" height=\"500\" src=\"https:\/\/insepet.com\/wp-content\/uploads\/2020\/05\/importancia-aforar-500x500.jpg\" class=\"aux-attachment aux-featured-image aux-attachment-id-1251\" alt=\"importancia-aforar\" srcset=\"https:\/\/insepet.com\/wp-content\/uploads\/2020\/05\/importancia-aforar-150x150.jpg 150w,https:\/\/insepet.com\/wp-content\/uploads\/2020\/05\/importancia-aforar-300x300.jpg 300w,https:\/\/insepet.com\/wp-content\/uploads\/2020\/05\/importancia-aforar-768x768.jpg 768w,https:\/\/insepet.com\/wp-content\/uploads\/2020\/05\/importancia-aforar-1024x1024.jpg 1024w,https:\/\/insepet.com\/wp-content\/uploads\/2020\/05\/importancia-aforar-500x500.jpg 500w\" data-ratio=\"1\" data-original-w=\"1920\" sizes=\"(max-width:479px) 480px,(max-width:767px) 768px,(max-width:1023px) 1024px,500px\" \/>            \n                <\/div>\n    <\/div>\n\n<\/section><!-- widget-container -->\t\t<\/div>\n\t\t\t\t<\/div>\n\t\t\t\t\t<\/div>\n\t\t<\/div>\n\t\t\t\t<div class=\"aux-parallax-section elementor-column elementor-col-50 elementor-top-column elementor-element elementor-element-92c6173\" data-id=\"92c6173\" data-element_type=\"column\">\n\t\t\t<div class=\"elementor-widget-wrap elementor-element-populated\">\n\t\t\t\t\t\t<div class=\"elementor-element elementor-element-ead5a9c elementor-widget__width-auto elementor-widget elementor-widget-aux_simple_svg\" data-id=\"ead5a9c\" data-element_type=\"widget\" data-widget_type=\"aux_simple_svg.default\">\n\t\t\t\t<div class=\"elementor-widget-container\">\n\t\t\t    <div class=\"aux-widget-container aux-simple-svg-container\">\n        <div class=\"aux-widget-container-inner\">\n            <div class=\"aux-the-svg\"><img decoding=\"async\" src=\"https:\/\/insepet.com\/wp-content\/uploads\/2020\/05\/Subtraction-4.svg\" title=\"demo-attachment-228-Subtraction-4\" alt=\"demo-attachment-228-Subtraction-4\" loading=\"lazy\" \/><\/div>\n        <\/div>\n    <\/div>\n    \t\t<\/div>\n\t\t\t\t<\/div>\n\t\t\t\t<div class=\"elementor-element elementor-element-03b5aef aux-appear-watch-animation aux-fade-in-up elementor-widget elementor-widget-aux_modern_heading\" data-id=\"03b5aef\" data-element_type=\"widget\" data-widget_type=\"aux_modern_heading.default\">\n\t\t\t\t<div class=\"elementor-widget-container\">\n\t\t\t<section class=\"aux-widget-modern-heading\">\n            <div class=\"aux-widget-inner\"><h2 class=\"aux-modern-heading-primary\">Aforo Volum\u00e9trico de Tanques<\/h2><h3 class=\"aux-modern-heading-secondary\"><span class=\"aux-head-before\">\u00bfPor qu\u00e9 es importante aforar un tanque?<\/span><\/h3><div class=\"aux-modern-heading-divider\"><\/div><div class=\"aux-modern-heading-description\"><p style=\"text-align: justify\">Tener una tabla de aforo ajustada a la \u201crealidad\u201d y una correcta calibraci\u00f3n de los tanques es un requisito esencial en la valoraci\u00f3n de las cantidades de combustible, para fines de transferencia en custodia\/control de inventarios de combustible y evitar gastos excesivos por contaminaciones ambientales.<\/p><p>El servicio de Aforo Volum\u00e9trico de INSEPET garantiza una medida confiable con la m\u00e1s alta tecnolog\u00eda y el mejor respaldo del mercado, que solo nosotros podemos ofrecer. Nuestro sistema de Aforo Volum\u00e9trico cuenta con equipos altamente confiables como Consolas, Medidores Electr\u00f3nicos y Sondas marca Veeder-Root, unidades de medida calibradas con un patr\u00f3n certificado por una entidad acreditada ante la ONAC y una aplicaci\u00f3n desarrollada por INSEPET, que captura v\u00eda WIFI la informaci\u00f3n durante el proceso del aforo, almacenando la informaci\u00f3n en un servidor (Nube), manejando con un archivo encriptado, que garantiza la seguridad e integridad de los datos tomados, para la generaci\u00f3n de la Tabla de Aforos en forma milim\u00e9trica.<\/p><\/div><\/div>\n        <\/section>\t\t<\/div>\n\t\t\t\t<\/div>\n\t\t\t\t<div class=\"elementor-element elementor-element-4249dd5 elementor-widget elementor-widget-spacer\" data-id=\"4249dd5\" data-element_type=\"widget\" data-widget_type=\"spacer.default\">\n\t\t\t\t<div class=\"elementor-widget-container\">\n\t\t\t\t\t<div class=\"elementor-spacer\">\n\t\t\t<div class=\"elementor-spacer-inner\"><\/div>\n\t\t<\/div>\n\t\t\t\t<\/div>\n\t\t\t\t<\/div>\n\t\t\t\t\t<\/div>\n\t\t<\/div>\n\t\t\t\t\t<\/div>\n\t\t<\/section>\n\t\t\t\t<section data-particle_enable=\"false\" data-particle-mobile-disabled=\"false\" class=\"elementor-section elementor-top-section elementor-element elementor-element-cc5747f team elementor-section-boxed elementor-section-height-default elementor-section-height-default\" data-id=\"cc5747f\" data-element_type=\"section\" data-settings=\"{&quot;_ha_eqh_enable&quot;:false}\">\n\t\t\t\t\t\t<div class=\"elementor-container elementor-column-gap-no\">\n\t\t\t\t\t<div class=\"aux-parallax-section elementor-column elementor-col-100 elementor-top-column elementor-element elementor-element-41bcef2\" data-id=\"41bcef2\" data-element_type=\"column\">\n\t\t\t<div class=\"elementor-widget-wrap elementor-element-populated\">\n\t\t\t\t\t\t<div class=\"elementor-element elementor-element-44b24d9 aux-appear-watch-animation aux-scale-down elementor-widget elementor-widget-aux_modern_heading\" data-id=\"44b24d9\" data-element_type=\"widget\" data-widget_type=\"aux_modern_heading.default\">\n\t\t\t\t<div class=\"elementor-widget-container\">\n\t\t\t<section class=\"aux-widget-modern-heading\">\n            <div class=\"aux-widget-inner\"><h2 class=\"aux-modern-heading-primary\">Aforo Volum\u00e9trico de Tanques<\/h2><h3 class=\"aux-modern-heading-secondary\"><span class=\"aux-head-before\">\u00bfConoces los beneficios de Aforar?<\/span><\/h3><div class=\"aux-modern-heading-divider\"><\/div><\/div>\n        <\/section>\t\t<\/div>\n\t\t\t\t<\/div>\n\t\t\t\t\t<\/div>\n\t\t<\/div>\n\t\t\t\t\t<\/div>\n\t\t<\/section>\n\t\t\t\t<section data-particle_enable=\"false\" data-particle-mobile-disabled=\"false\" class=\"elementor-section elementor-top-section elementor-element elementor-element-b067b8c elementor-section-content-middle elementor-section-boxed elementor-section-height-default elementor-section-height-default\" data-id=\"b067b8c\" data-element_type=\"section\" data-settings=\"{&quot;_ha_eqh_enable&quot;:false}\">\n\t\t\t\t\t\t<div class=\"elementor-container elementor-column-gap-default\">\n\t\t\t\t\t<div class=\"aux-parallax-section elementor-column elementor-col-100 elementor-top-column elementor-element elementor-element-febdce7\" data-id=\"febdce7\" data-element_type=\"column\" data-settings=\"{&quot;background_background&quot;:&quot;gradient&quot;}\">\n\t\t\t<div class=\"elementor-widget-wrap elementor-element-populated\">\n\t\t\t\t\t\t<div class=\"elementor-element elementor-element-2b14eec elementor-widget__width-initial elementor-widget elementor-widget-ha-advanced-tabs happy-addon ha-advanced-tabs happy-addon-pro\" data-id=\"2b14eec\" data-element_type=\"widget\" data-widget_type=\"ha-advanced-tabs.default\">\n\t\t\t\t<div class=\"elementor-widget-container\">\n\t\t\t\t\t<div class=\"ha-tabs-2b14eec ha-tabs ha-tabs--nav-top ha-tabs--nav-x-center  ha-tabs--icon-top\" role=\"tablist\">\n\t\t\t<div class=\"ha-tabs__nav\">\n\t\t\t\t\t\t\t\t\t<div id=\"ha-tab-title-4511\" class=\"ha-tab__title ha-tab__title--desktop elementor-repeater-item-159c188\" data-tab=\"1\" role=\"tab\" aria-controls=\"ha-tab__content-4511\">\n\t\t\t\t\t\t\t\t\t\t\t\t<span class=\"ha-tab__title-icon\"><i aria-hidden=\"true\" class=\"hm hm-badge1\"><\/i><\/span>\n\t\t\t\t\t\t\t\t\t\t\t\t<span class=\"ha-tab__title-text\">Confiabilidad<\/span><\/div>\n\t\t\t\t\t\t\t\t\t<div id=\"ha-tab-title-4512\" class=\"ha-tab__title ha-tab__title--desktop elementor-repeater-item-4e89531\" data-tab=\"2\" role=\"tab\" aria-controls=\"ha-tab__content-4512\">\n\t\t\t\t\t\t\t\t\t\t\t\t<span class=\"ha-tab__title-icon\"><i aria-hidden=\"true\" class=\"hm hm-upward-top-right\"><\/i><\/span>\n\t\t\t\t\t\t\t\t\t\t\t\t<span class=\"ha-tab__title-text\">Inventario<\/span><\/div>\n\t\t\t\t\t\t\t\t\t<div id=\"ha-tab-title-4513\" class=\"ha-tab__title ha-tab__title--desktop elementor-repeater-item-eaf4d2c\" data-tab=\"3\" role=\"tab\" aria-controls=\"ha-tab__content-4513\">\n\t\t\t\t\t\t\t\t\t\t\t\t<span class=\"ha-tab__title-icon\"><i aria-hidden=\"true\" class=\"hm hm-clip-board\"><\/i><\/span>\n\t\t\t\t\t\t\t\t\t\t\t\t<span class=\"ha-tab__title-text\">Resoluci\u00f3n 40198<\/span><\/div>\n\t\t\t\t\t\t\t<\/div>\n\t\t\t<div class=\"ha-tabs__content\">\n\t\t\t\t\t\t\t\t\t<div class=\"ha-tab__title ha-tab__title--mobile elementor-repeater-item-159c188\" data-tab=\"1\" role=\"tab\">\n\t\t\t\t\t\t\t\t\t\t\t\t<span class=\"ha-tab__title-icon\"><i aria-hidden=\"true\" class=\"hm hm-badge1\"><\/i><\/span>\n\t\t\t\t\t\t\t\t\t\t\t\t<span class=\"ha-tab__title-text\">Confiabilidad<\/span>\n\t\t\t\t\t<\/div>\n\t\t\t\t\t<div id=\"ha-tab-content-4511\" class=\"ha-tab__content ha-clearfix elementor-repeater-item-159c188\" data-tab=\"1\" role=\"tabpanel\" aria-labelledby=\"ha-tab-title-4511\">\n\t\t\t\t\t\t<h4>Confiabilidad de Inventario Superior al 95%<\/h4><p style=\"text-align: justify;\">La exactitud de las dimensiones de un tanque es un factor muy importante para la <strong>determinaci\u00f3n del volumen del l\u00edquido y las imprecisiones<\/strong> (por insignificantes que parezcan) originan errores en la contabilizaci\u00f3n de los contenidos del tanque y, por tanto, en las <strong>transacciones comerciales<\/strong>, entre otros aspectos. El servicio de <strong>Aforo Volum\u00e9trico de INSEPET<\/strong> garantiza una medida confiable con la m\u00e1s alta tecnolog\u00eda y el mejor respaldo del mercado, que solo nosotros podemos ofrecer.<\/p>\t\t\t\t\t<\/div>\n\t\t\t\t\t\t\t\t\t<div class=\"ha-tab__title ha-tab__title--mobile elementor-repeater-item-4e89531\" data-tab=\"2\" role=\"tab\">\n\t\t\t\t\t\t\t\t\t\t\t\t<span class=\"ha-tab__title-icon\"><i aria-hidden=\"true\" class=\"hm hm-upward-top-right\"><\/i><\/span>\n\t\t\t\t\t\t\t\t\t\t\t\t<span class=\"ha-tab__title-text\">Inventario<\/span>\n\t\t\t\t\t<\/div>\n\t\t\t\t\t<div id=\"ha-tab-content-4512\" class=\"ha-tab__content ha-clearfix elementor-repeater-item-4e89531\" data-tab=\"2\" role=\"tabpanel\" aria-labelledby=\"ha-tab-title-4512\">\n\t\t\t\t\t\t<h4>Soluci\u00f3n al problema de inclinaci\u00f3n en los inventarios<\/h4><p style=\"text-align: justify;\">Los tanques de las estaciones de servicio <strong>no siempre<\/strong> est\u00e1n de la misma forma, los mismos pueden <strong>deformarse e inclinarse<\/strong> por diferentes razones: nivel fre\u00e1tico del suelo en donde se encuentran enterrados, las vibraciones entre otras, generando fuerzas de tensi\u00f3n que <strong>modifican la estructura e inclinaci\u00f3n del tanque<\/strong>. Al realizar el <strong>aforo volum\u00e9trico<\/strong> de un tanque, se esta tomando una <strong><em>\u201cfoto\u201d<\/em><\/strong> que permite establecer el volumen del tanque es ese momento y partir de esa informaci\u00f3n para generar una tabla de aforos.<\/p>\t\t\t\t\t<\/div>\n\t\t\t\t\t\t\t\t\t<div class=\"ha-tab__title ha-tab__title--mobile elementor-repeater-item-eaf4d2c\" data-tab=\"3\" role=\"tab\">\n\t\t\t\t\t\t\t\t\t\t\t\t<span class=\"ha-tab__title-icon\"><i aria-hidden=\"true\" class=\"hm hm-clip-board\"><\/i><\/span>\n\t\t\t\t\t\t\t\t\t\t\t\t<span class=\"ha-tab__title-text\">Resoluci\u00f3n 40198<\/span>\n\t\t\t\t\t<\/div>\n\t\t\t\t\t<div id=\"ha-tab-content-4513\" class=\"ha-tab__content ha-clearfix elementor-repeater-item-eaf4d2c\" data-tab=\"3\" role=\"tabpanel\" aria-labelledby=\"ha-tab-title-4513\">\n\t\t\t\t\t\t<h4>Da cumplimiento a la Resoluci\u00f3n 40198<\/h4><p style=\"text-align: justify;\">El aforo Volum\u00e9trico de Tanques no solo es necesario para dar cumplimiento a la <strong>Resoluci\u00f3n 40198<\/strong>, sino que se convierte en uno de los elementos claves sumado a controlar las dem\u00e1s variables que intervienen en el manejo del combustible, la exigencia es realizarlo <strong>minino cada cinco (5) a\u00f1os<\/strong> o cuando se est\u00e9n presentando diferencias en las variaciones que puedan estar asociadas a un cambio en la inclinaci\u00f3n de los tanques a procesos de revestimiento internos, cambios en el nivel fre\u00e1tico del subsuelo entre otros.<\/p>\t\t\t\t\t<\/div>\n\t\t\t\t\t\t\t<\/div>\n\t\t<\/div>\n\t\t\t\t<\/div>\n\t\t\t\t<\/div>\n\t\t\t\t\t<\/div>\n\t\t<\/div>\n\t\t\t\t\t<\/div>\n\t\t<\/section>\n\t\t\t\t<section data-particle_enable=\"false\" data-particle-mobile-disabled=\"false\" class=\"elementor-section elementor-top-section elementor-element elementor-element-a94c446 elementor-section-boxed elementor-section-height-default elementor-section-height-default\" data-id=\"a94c446\" data-element_type=\"section\" data-settings=\"{&quot;_ha_eqh_enable&quot;:false}\">\n\t\t\t\t\t\t<div class=\"elementor-container elementor-column-gap-default\">\n\t\t\t\t\t<div class=\"aux-parallax-section elementor-column elementor-col-100 elementor-top-column elementor-element elementor-element-9d5305d\" data-id=\"9d5305d\" data-element_type=\"column\">\n\t\t\t<div class=\"elementor-widget-wrap elementor-element-populated\">\n\t\t\t\t\t\t<div class=\"elementor-element elementor-element-d70c788 elementor-widget elementor-widget-aux_modern_button\" data-id=\"d70c788\" data-element_type=\"widget\" data-widget_type=\"aux_modern_button.default\">\n\t\t\t\t<div class=\"elementor-widget-container\">\n\t\t\t    <div class=\"aux-modern-button-wrapper aux-modern-button-align-center\" >\n                    <a class=\"aux-modern-button aux-info aux-modern-button-md aux-modern-button-normal aux-modern-button-default aux-icon-\" href=\"https:\/\/insepet.com\/wp-content\/uploads\/2023\/06\/Aforo_Ambiental.pdf\" target=\"_blank\">\n                <div class=\"aux-overlay\"><\/div>\n                                    <div class=\"aux-icon \">\n                                            <\/div>\n                                <div class=\"aux-text\">\n<span class=\"aux-text-before\">Portafolio<\/span>                <\/div>\n            <\/a>\n            \n    <\/div>\n\n    \t\t<\/div>\n\t\t\t\t<\/div>\n\t\t\t\t\t<\/div>\n\t\t<\/div>\n\t\t\t\t\t<\/div>\n\t\t<\/section>\n\t\t\t\t<section data-particle_enable=\"false\" data-particle-mobile-disabled=\"false\" class=\"elementor-section elementor-top-section elementor-element elementor-element-826b958 elementor-section-boxed elementor-section-height-default elementor-section-height-default\" data-id=\"826b958\" data-element_type=\"section\" data-settings=\"{&quot;_ha_eqh_enable&quot;:false}\">\n\t\t\t\t\t\t<div class=\"elementor-container elementor-column-gap-default\">\n\t\t\t\t\t<div class=\"aux-parallax-section elementor-column elementor-col-100 elementor-top-column elementor-element elementor-element-f407e2f\" data-id=\"f407e2f\" data-element_type=\"column\">\n\t\t\t<div class=\"elementor-widget-wrap elementor-element-populated\">\n\t\t\t\t\t\t<div class=\"elementor-element elementor-element-55ab704 elementor-widget elementor-widget-ha-creative-button happy-addon ha-creative-button\" data-id=\"55ab704\" data-element_type=\"widget\" data-widget_type=\"ha-creative-button.default\">\n\t\t\t\t<div class=\"elementor-widget-container\">\n\t\t\t\t\t<div data-magnetic=\"no\" class=\"ha-creative-btn-wrap\">\n\t\t\t<a class=\"ha-creative-btn ha-stl--symbolab ha-eft--back-in-left\" href=\"https:\/\/wa.link\/yh7hsy\" rel=\"nofollow\">Cont\u00e1ctanos<i aria-hidden=\"true\" class=\"auxicon auxicon-whatsapp\"><\/i><\/a>\n\t\t<\/div>\t\t<\/div>\n\t\t\t\t<\/div>\n\t\t\t\t\t<\/div>\n\t\t<\/div>\n\t\t\t\t\t<\/div>\n\t\t<\/section>\n\t\t\t\t<\/div>\n\t\t","protected":false},"excerpt":{"rendered":"<p>Aforo Volum\u00e9trico de Tanques \u00bfPor qu\u00e9 es importante aforar un tanque? Tener una tabla de aforo ajustada a la \u201crealidad\u201d y una correcta calibraci\u00f3n de los tanques es un requisito esencial en la valoraci\u00f3n de las cantidades de combustible, para fines de transferencia en custodia\/control de inventarios de combustible y evitar gastos excesivos por contaminaciones [&hellip;]<\/p>\n","protected":false},"author":1,"featured_media":0,"parent":277,"menu_order":0,"comment_status":"closed","ping_status":"closed","template":"templates\/page-builder-content.php","meta":{"footnotes":""},"class_list":["post-685","page","type-page","status-publish","hentry"],"jetpack_sharing_enabled":true,"_links":{"self":[{"href":"https:\/\/insepet.com\/index.php\/wp-json\/wp\/v2\/pages\/685","targetHints":{"allow":["GET"]}}],"collection":[{"href":"https:\/\/insepet.com\/index.php\/wp-json\/wp\/v2\/pages"}],"about":[{"href":"https:\/\/insepet.com\/index.php\/wp-json\/wp\/v2\/types\/page"}],"author":[{"embeddable":true,"href":"https:\/\/insepet.com\/index.php\/wp-json\/wp\/v2\/users\/1"}],"replies":[{"embeddable":true,"href":"https:\/\/insepet.com\/index.php\/wp-json\/wp\/v2\/comments?post=685"}],"version-history":[{"count":46,"href":"https:\/\/insepet.com\/index.php\/wp-json\/wp\/v2\/pages\/685\/revisions"}],"predecessor-version":[{"id":2970,"href":"https:\/\/insepet.com\/index.php\/wp-json\/wp\/v2\/pages\/685\/revisions\/2970"}],"up":[{"embeddable":true,"href":"https:\/\/insepet.com\/index.php\/wp-json\/wp\/v2\/pages\/277"}],"wp:attachment":[{"href":"https:\/\/insepet.com\/index.php\/wp-json\/wp\/v2\/media?parent=685"}],"curies":[{"name":"wp","href":"https:\/\/api.w.org\/{rel}","templated":true}]}}